{"id":1424,"date":"2025-06-02T21:02:41","date_gmt":"2025-06-02T19:02:41","guid":{"rendered":"https:\/\/www.graphotisco.com\/?page_id=1424"},"modified":"2025-06-03T18:37:15","modified_gmt":"2025-06-03T16:37:15","slug":"cqs","status":"publish","type":"page","link":"https:\/\/www.graphotisco.com\/index.php\/cqs\/","title":{"rendered":"CQS"},"content":{"rendered":"\t\t<div data-elementor-type=\"wp-page\" data-elementor-id=\"1424\" class=\"elementor elementor-1424\" data-elementor-post-type=\"page\">\n\t\t\t\t<div class=\"elementor-element elementor-element-556541d4 e-flex e-con-boxed e-con e-parent\" data-id=\"556541d4\" data-element_type=\"container\" data-e-type=\"container\">\n\t\t\t\t\t<div class=\"e-con-inner\">\n\t\t<div class=\"elementor-element elementor-element-120e52d8 e-con-full e-flex e-con e-child\" data-id=\"120e52d8\" data-element_type=\"container\" data-e-type=\"container\">\n\t\t\t\t<div class=\"elementor-element elementor-element-d0b3f63 elementor-widget elementor-widget-image\" data-id=\"d0b3f63\" data-element_type=\"widget\" data-e-type=\"widget\" data-widget_type=\"image.default\">\n\t\t\t\t<div class=\"elementor-widget-container\">\n\t\t\t\t\t\t\t\t\t\t\t\t\t\t\t<img fetchpriority=\"high\" decoding=\"async\" width=\"800\" height=\"566\" src=\"https:\/\/www.graphotisco.com\/wp-content\/uploads\/2025\/06\/Design-sans-titre-8-1-1024x724.png\" class=\"attachment-large size-large wp-image-1439\" alt=\"\" srcset=\"https:\/\/www.graphotisco.com\/wp-content\/uploads\/2025\/06\/Design-sans-titre-8-1-1024x724.png 1024w, https:\/\/www.graphotisco.com\/wp-content\/uploads\/2025\/06\/Design-sans-titre-8-1-300x212.png 300w, https:\/\/www.graphotisco.com\/wp-content\/uploads\/2025\/06\/Design-sans-titre-8-1-768x543.png 768w, https:\/\/www.graphotisco.com\/wp-content\/uploads\/2025\/06\/Design-sans-titre-8-1-1536x1086.png 1536w, https:\/\/www.graphotisco.com\/wp-content\/uploads\/2025\/06\/Design-sans-titre-8-1.png 2000w\" sizes=\"(max-width: 800px) 100vw, 800px\" \/>\t\t\t\t\t\t\t\t\t\t\t\t\t\t\t<\/div>\n\t\t\t\t<\/div>\n\t\t\t\t<div class=\"elementor-element elementor-element-6bc01dee elementor-widget elementor-widget-gallery\" data-id=\"6bc01dee\" data-element_type=\"widget\" data-e-type=\"widget\" data-settings=\"{&quot;gallery_layout&quot;:&quot;justified&quot;,&quot;ideal_row_height&quot;:{&quot;unit&quot;:&quot;px&quot;,&quot;size&quot;:373,&quot;sizes&quot;:[]},&quot;ideal_row_height_tablet&quot;:{&quot;unit&quot;:&quot;px&quot;,&quot;size&quot;:150,&quot;sizes&quot;:[]},&quot;ideal_row_height_mobile&quot;:{&quot;unit&quot;:&quot;px&quot;,&quot;size&quot;:150,&quot;sizes&quot;:[]},&quot;gap&quot;:{&quot;unit&quot;:&quot;px&quot;,&quot;size&quot;:10,&quot;sizes&quot;:[]},&quot;gap_tablet&quot;:{&quot;unit&quot;:&quot;px&quot;,&quot;size&quot;:10,&quot;sizes&quot;:[]},&quot;gap_mobile&quot;:{&quot;unit&quot;:&quot;px&quot;,&quot;size&quot;:10,&quot;sizes&quot;:[]},&quot;overlay_background&quot;:&quot;yes&quot;,&quot;content_hover_animation&quot;:&quot;fade-in&quot;}\" data-widget_type=\"gallery.default\">\n\t\t\t\t<div class=\"elementor-widget-container\">\n\t\t\t\t\t\t\t<div class=\"elementor-gallery__container\">\n\t\t\t\t\t\t\t<div class=\"e-gallery-item elementor-gallery-item elementor-animated-content\">\n\t\t\t\t\t<div class=\"e-gallery-image elementor-gallery-item__image\" data-thumbnail=\"https:\/\/www.graphotisco.com\/wp-content\/uploads\/2025\/06\/Design-sans-titre-11-1024x724.jpg\" data-width=\"800\" data-height=\"566\" aria-label=\"\" role=\"img\" ><\/div>\n\t\t\t\t\t\t\t\t\t\t\t<div class=\"elementor-gallery-item__overlay\"><\/div>\n\t\t\t\t\t\t\t\t\t\t\t\t\t\t<\/div>\n\t\t\t\t\t\t\t<div class=\"e-gallery-item elementor-gallery-item elementor-animated-content\">\n\t\t\t\t\t<div class=\"e-gallery-image elementor-gallery-item__image\" data-thumbnail=\"https:\/\/www.graphotisco.com\/wp-content\/uploads\/2025\/06\/Design-sans-titre-5-1024x724.png\" data-width=\"800\" data-height=\"566\" aria-label=\"\" role=\"img\" ><\/div>\n\t\t\t\t\t\t\t\t\t\t\t<div class=\"elementor-gallery-item__overlay\"><\/div>\n\t\t\t\t\t\t\t\t\t\t\t\t\t\t<\/div>\n\t\t\t\t\t<\/div>\n\t\t\t\t\t<\/div>\n\t\t\t\t<\/div>\n\t\t\t\t<\/div>\n\t\t<div class=\"elementor-element elementor-element-17c72eb9 e-con-full e-flex e-con e-child\" data-id=\"17c72eb9\" data-element_type=\"container\" data-e-type=\"container\">\n\t\t\t\t<div class=\"elementor-element elementor-element-4c79cda8 elementor-widget elementor-widget-heading\" data-id=\"4c79cda8\" data-element_type=\"widget\" data-e-type=\"widget\" data-widget_type=\"heading.default\">\n\t\t\t\t<div class=\"elementor-widget-container\">\n\t\t\t\t\t<h2 class=\"elementor-heading-title elementor-size-default\">CQS<\/h2>\t\t\t\t<\/div>\n\t\t\t\t<\/div>\n\t\t\t\t<div class=\"elementor-element elementor-element-3a27bba6 elementor-widget elementor-widget-text-editor\" data-id=\"3a27bba6\" data-element_type=\"widget\" data-e-type=\"widget\" data-widget_type=\"text-editor.default\">\n\t\t\t\t<div class=\"elementor-widget-container\">\n\t\t\t\t\t\t\t\t\t<p><strong data-start=\"194\" data-end=\"220\">Cr\u00e9ation du logo CQS<\/strong><\/p><p data-start=\"192\" data-end=\"440\">J\u2019ai con\u00e7u un logo original et identifiable, pens\u00e9 pour durer. Il a ensuite \u00e9t\u00e9 d\u00e9clin\u00e9 sur des cartes de visite professionnelles, pour assurer une coh\u00e9rence visuelle et une communication claire d\u00e8s le premier contact.<\/p>\t\t\t\t\t\t\t\t<\/div>\n\t\t\t\t<\/div>\n\t\t\t\t<div class=\"elementor-element elementor-element-643f3ab0 content-align-cta-default elementor-widget elementor-widget-eael-cta-box\" data-id=\"643f3ab0\" data-element_type=\"widget\" data-e-type=\"widget\" data-widget_type=\"eael-cta-box.default\">\n\t\t\t\t<div class=\"elementor-widget-container\">\n\t\t\t\t\t\t\t<div class=\"eael-call-to-action cta-basic bg-lite cta-preset-1\">\n        <h2 class=\"title eael-cta-heading\">Faisons \u00e9voluer votre image, sans trahir votre essence.<\/h2><p>Parfois, un petit vent de modernit\u00e9 suffit \u00e0 tout changer. Et si c\u2019\u00e9tait le moment de r\u00e9inventer votre logo sans perdre votre essence ?<\/p><a href=\"https:\/\/www.graphotisco.com\/index.php\/contact\/\" class=\"cta-button cta-preset-1  \">Contacte-moi<\/a>\t<\/div>\n\t\t\t\t\t\t\t\t<\/div>\n\t\t\t\t<\/div>\n\t\t\t\t<\/div>\n\t\t\t\t\t<\/div>\n\t\t\t\t<\/div>\n\t\t\t\t<\/div>\n\t\t","protected":false},"excerpt":{"rendered":"<p>CQS Cr\u00e9ation du logo CQS J\u2019ai con\u00e7u un logo original et identifiable, pens\u00e9 pour durer. Il a ensuite \u00e9t\u00e9 d\u00e9clin\u00e9 sur des cartes de visite professionnelles, pour assurer une coh\u00e9rence visuelle et une communication claire d\u00e8s le premier contact. Faisons \u00e9voluer votre image, sans trahir votre essence. Parfois, un petit vent de modernit\u00e9 suffit \u00e0 [&hellip;]<\/p>\n","protected":false},"author":1,"featured_media":0,"parent":0,"menu_order":0,"comment_status":"closed","ping_status":"closed","template":"","meta":{"footnotes":""},"class_list":["post-1424","page","type-page","status-publish","hentry"],"_links":{"self":[{"href":"https:\/\/www.graphotisco.com\/index.php\/wp-json\/wp\/v2\/pages\/1424","targetHints":{"allow":["GET"]}}],"collection":[{"href":"https:\/\/www.graphotisco.com\/index.php\/wp-json\/wp\/v2\/pages"}],"about":[{"href":"https:\/\/www.graphotisco.com\/index.php\/wp-json\/wp\/v2\/types\/page"}],"author":[{"embeddable":true,"href":"https:\/\/www.graphotisco.com\/index.php\/wp-json\/wp\/v2\/users\/1"}],"replies":[{"embeddable":true,"href":"https:\/\/www.graphotisco.com\/index.php\/wp-json\/wp\/v2\/comments?post=1424"}],"version-history":[{"count":7,"href":"https:\/\/www.graphotisco.com\/index.php\/wp-json\/wp\/v2\/pages\/1424\/revisions"}],"predecessor-version":[{"id":1657,"href":"https:\/\/www.graphotisco.com\/index.php\/wp-json\/wp\/v2\/pages\/1424\/revisions\/1657"}],"wp:attachment":[{"href":"https:\/\/www.graphotisco.com\/index.php\/wp-json\/wp\/v2\/media?parent=1424"}],"curies":[{"name":"wp","href":"https:\/\/api.w.org\/{rel}","templated":true}]}}